{"id":335,"date":"2025-11-17T07:32:12","date_gmt":"2025-11-17T07:32:12","guid":{"rendered":"https:\/\/aurel-sweet.com\/?post_type=product&#038;p=335"},"modified":"2025-12-03T09:28:00","modified_gmt":"2025-12-03T09:28:00","slug":"baba-rhum-passion-artisanal","status":"publish","type":"product","link":"https:\/\/aurel-sweet.com\/index.php\/produit\/baba-rhum-passion-artisanal\/","title":{"rendered":"Baba Rhum &#8211; Passion"},"content":{"rendered":"<p data-start=\"3332\" data-end=\"3482\">Biscuit a\u00e9rien imbib\u00e9 au rhum, gel\u00e9e \u00e0 l&rsquo;orange, chantilly vanille\u2026 un accord tropical explosif qui transporte au soleil d\u00e8s la premi\u00e8re bouch\u00e9e.<\/p>\n<p data-start=\"3484\" data-end=\"3602\">Chaque baba est <strong data-start=\"3500\" data-end=\"3515\">fait maison<\/strong>, imbib\u00e9 \u00e0 la main et garni au dernier moment pour pr\u00e9server son moelleux incomparable.<\/p>\n<p data-start=\"3604\" data-end=\"3742\">Nous livrons en box r\u00e9frig\u00e9r\u00e9e pour garantir une fra\u00eecheur irr\u00e9prochable jusqu\u2019au service.<br data-start=\"3697\" data-end=\"3700\" \/>L\u2019\u00e9vasion n\u2019a jamais \u00e9t\u00e9 aussi proche.<\/p>\n","protected":false},"excerpt":{"rendered":"<p data-start=\"3412\" data-end=\"3635\">Ce baba pas comme les autres offre une explosion de saveurs tropicales : biscuit imbib\u00e9 au rhum parfum\u00e9, gel\u00e9e \u00e0 l&rsquo;orange, cr\u00e8me chantilly vanille\u2026<br data-start=\"3593\" data-end=\"3596\" \/>Un voyage ensoleill\u00e9 \u00e0 chaque bouch\u00e9e !<\/p>\n<h4 data-start=\"3412\" data-end=\"3635\">Allerg\u00e8nes :<\/h4>\n<p>gluten, \u0153uf, lactose<\/p>\n<p data-start=\"3412\" data-end=\"3635\">\n","protected":false},"featured_media":327,"comment_status":"open","ping_status":"closed","template":"","meta":{"_acf_changed":false,"_et_pb_use_builder":"","_et_pb_old_content":"","_et_gb_content_width":""},"product_brand":[],"product_cat":[52,37,18],"product_tag":[38,42,55,40,39],"class_list":{"0":"post-335","1":"product","2":"type-product","3":"status-publish","4":"has-post-thumbnail","6":"product_cat-a-lannee","7":"product_cat-desserts-fruites","8":"product_cat-gateaux-traditionnels","9":"product_tag-baba","10":"product_tag-exotique","11":"product_tag-orange","12":"product_tag-passion","13":"product_tag-rhum","15":"first","16":"instock","17":"shipping-taxable","18":"purchasable","19":"product-type-simple","20":"add-to-wishlist-before_add_to_cart"},"acf":[],"yoast_head":"<!-- This site is optimized with the Yoast SEO plugin v27.4 - https:\/\/yoast.com\/product\/yoast-seo-wordpress\/ -->\n<title>Baba au Rhum Passion Artisanal \u2013 Saveurs Exotiques<\/title>\n<meta name=\"description\" content=\"Baba au rhum passion artisanal : gel\u00e9e orange, chantilly vanille, fra\u00eecheur garantie. Livraison ou retrait \u00e0 Pau et Bayonne.\" \/>\n<meta name=\"robots\" content=\"index, follow, max-snippet:-1, max-image-preview:large, max-video-preview:-1\" \/>\n<link rel=\"canonical\" href=\"https:\/\/aurel-sweet.com\/index.php\/produit\/baba-rhum-passion-artisanal\/\" \/>\n<meta property=\"og:locale\" content=\"fr_FR\" \/>\n<meta property=\"og:type\" content=\"article\" \/>\n<meta property=\"og:title\" content=\"Baba au Rhum Passion Artisanal \u2013 Saveurs Exotiques\" \/>\n<meta property=\"og:description\" content=\"Baba au rhum passion artisanal : gel\u00e9e orange, chantilly vanille, fra\u00eecheur garantie. Livraison ou retrait \u00e0 Pau et Bayonne.\" \/>\n<meta property=\"og:url\" content=\"https:\/\/aurel-sweet.com\/index.php\/produit\/baba-rhum-passion-artisanal\/\" \/>\n<meta property=\"og:site_name\" content=\"Aurel Sweet - Patisserie sur mesure\" \/>\n<meta property=\"article:modified_time\" content=\"2025-12-03T09:28:00+00:00\" \/>\n<meta property=\"og:image\" content=\"https:\/\/aurel-sweet.com\/wp-content\/uploads\/2025\/11\/image00192-scaled.jpeg\" \/>\n\t<meta property=\"og:image:width\" content=\"1870\" \/>\n\t<meta property=\"og:image:height\" content=\"2560\" \/>\n\t<meta property=\"og:image:type\" content=\"image\/jpeg\" \/>\n<meta name=\"twitter:card\" content=\"summary_large_image\" \/>\n<meta name=\"twitter:label1\" content=\"Dur\u00e9e de lecture estim\u00e9e\" \/>\n\t<meta name=\"twitter:data1\" content=\"1 minute\" \/>\n<script type=\"application\/ld+json\" class=\"yoast-schema-graph\">{\"@context\":\"https:\\\/\\\/schema.org\",\"@graph\":[{\"@type\":\"WebPage\",\"@id\":\"https:\\\/\\\/aurel-sweet.com\\\/index.php\\\/produit\\\/baba-rhum-passion-artisanal\\\/\",\"url\":\"https:\\\/\\\/aurel-sweet.com\\\/index.php\\\/produit\\\/baba-rhum-passion-artisanal\\\/\",\"name\":\"Baba au Rhum Passion Artisanal \u2013 Saveurs Exotiques\",\"isPartOf\":{\"@id\":\"https:\\\/\\\/aurel-sweet.com\\\/#website\"},\"primaryImageOfPage\":{\"@id\":\"https:\\\/\\\/aurel-sweet.com\\\/index.php\\\/produit\\\/baba-rhum-passion-artisanal\\\/#primaryimage\"},\"image\":{\"@id\":\"https:\\\/\\\/aurel-sweet.com\\\/index.php\\\/produit\\\/baba-rhum-passion-artisanal\\\/#primaryimage\"},\"thumbnailUrl\":\"https:\\\/\\\/aurel-sweet.com\\\/wp-content\\\/uploads\\\/2025\\\/11\\\/image00192-scaled.jpeg\",\"datePublished\":\"2025-11-17T07:32:12+00:00\",\"dateModified\":\"2025-12-03T09:28:00+00:00\",\"description\":\"Baba au rhum passion artisanal : gel\u00e9e orange, chantilly vanille, fra\u00eecheur garantie. Livraison ou retrait \u00e0 Pau et Bayonne.\",\"breadcrumb\":{\"@id\":\"https:\\\/\\\/aurel-sweet.com\\\/index.php\\\/produit\\\/baba-rhum-passion-artisanal\\\/#breadcrumb\"},\"inLanguage\":\"fr-FR\",\"potentialAction\":[{\"@type\":\"ReadAction\",\"target\":[\"https:\\\/\\\/aurel-sweet.com\\\/index.php\\\/produit\\\/baba-rhum-passion-artisanal\\\/\"]}]},{\"@type\":\"ImageObject\",\"inLanguage\":\"fr-FR\",\"@id\":\"https:\\\/\\\/aurel-sweet.com\\\/index.php\\\/produit\\\/baba-rhum-passion-artisanal\\\/#primaryimage\",\"url\":\"https:\\\/\\\/aurel-sweet.com\\\/wp-content\\\/uploads\\\/2025\\\/11\\\/image00192-scaled.jpeg\",\"contentUrl\":\"https:\\\/\\\/aurel-sweet.com\\\/wp-content\\\/uploads\\\/2025\\\/11\\\/image00192-scaled.jpeg\",\"width\":1870,\"height\":2560,\"caption\":\"baba au rhum \u00e0 la passion Pau\"},{\"@type\":\"BreadcrumbList\",\"@id\":\"https:\\\/\\\/aurel-sweet.com\\\/index.php\\\/produit\\\/baba-rhum-passion-artisanal\\\/#breadcrumb\",\"itemListElement\":[{\"@type\":\"ListItem\",\"position\":1,\"name\":\"Accueil\",\"item\":\"https:\\\/\\\/aurel-sweet.com\\\/\"},{\"@type\":\"ListItem\",\"position\":2,\"name\":\"La carte\",\"item\":\"https:\\\/\\\/aurel-sweet.com\\\/index.php\\\/la-carte\\\/\"},{\"@type\":\"ListItem\",\"position\":3,\"name\":\"Baba Rhum &#8211; Passion\"}]},{\"@type\":\"WebSite\",\"@id\":\"https:\\\/\\\/aurel-sweet.com\\\/#website\",\"url\":\"https:\\\/\\\/aurel-sweet.com\\\/\",\"name\":\"Aurel Sweet\",\"description\":\"Lorsque l&#039;exigence se marie avec la gourmandise \u00e0 la Fran\u00e7aise\",\"publisher\":{\"@id\":\"https:\\\/\\\/aurel-sweet.com\\\/#organization\"},\"potentialAction\":[{\"@type\":\"SearchAction\",\"target\":{\"@type\":\"EntryPoint\",\"urlTemplate\":\"https:\\\/\\\/aurel-sweet.com\\\/?s={search_term_string}\"},\"query-input\":{\"@type\":\"PropertyValueSpecification\",\"valueRequired\":true,\"valueName\":\"search_term_string\"}}],\"inLanguage\":\"fr-FR\"},{\"@type\":\"Organization\",\"@id\":\"https:\\\/\\\/aurel-sweet.com\\\/#organization\",\"name\":\"Aurel Sweet\",\"url\":\"https:\\\/\\\/aurel-sweet.com\\\/\",\"logo\":{\"@type\":\"ImageObject\",\"inLanguage\":\"fr-FR\",\"@id\":\"https:\\\/\\\/aurel-sweet.com\\\/#\\\/schema\\\/logo\\\/image\\\/\",\"url\":\"https:\\\/\\\/aurel-sweet.com\\\/wp-content\\\/uploads\\\/2025\\\/09\\\/favicon-bordeaux.webp\",\"contentUrl\":\"https:\\\/\\\/aurel-sweet.com\\\/wp-content\\\/uploads\\\/2025\\\/09\\\/favicon-bordeaux.webp\",\"width\":500,\"height\":500,\"caption\":\"Aurel Sweet\"},\"image\":{\"@id\":\"https:\\\/\\\/aurel-sweet.com\\\/#\\\/schema\\\/logo\\\/image\\\/\"}}]}<\/script>\n<!-- \/ Yoast SEO plugin. -->","yoast_head_json":{"title":"Baba au Rhum Passion Artisanal \u2013 Saveurs Exotiques","description":"Baba au rhum passion artisanal : gel\u00e9e orange, chantilly vanille, fra\u00eecheur garantie. Livraison ou retrait \u00e0 Pau et Bayonne.","robots":{"index":"index","follow":"follow","max-snippet":"max-snippet:-1","max-image-preview":"max-image-preview:large","max-video-preview":"max-video-preview:-1"},"canonical":"https:\/\/aurel-sweet.com\/index.php\/produit\/baba-rhum-passion-artisanal\/","og_locale":"fr_FR","og_type":"article","og_title":"Baba au Rhum Passion Artisanal \u2013 Saveurs Exotiques","og_description":"Baba au rhum passion artisanal : gel\u00e9e orange, chantilly vanille, fra\u00eecheur garantie. Livraison ou retrait \u00e0 Pau et Bayonne.","og_url":"https:\/\/aurel-sweet.com\/index.php\/produit\/baba-rhum-passion-artisanal\/","og_site_name":"Aurel Sweet - Patisserie sur mesure","article_modified_time":"2025-12-03T09:28:00+00:00","og_image":[{"width":1870,"height":2560,"url":"https:\/\/aurel-sweet.com\/wp-content\/uploads\/2025\/11\/image00192-scaled.jpeg","type":"image\/jpeg"}],"twitter_card":"summary_large_image","twitter_misc":{"Dur\u00e9e de lecture estim\u00e9e":"1 minute"},"schema":{"@context":"https:\/\/schema.org","@graph":[{"@type":"WebPage","@id":"https:\/\/aurel-sweet.com\/index.php\/produit\/baba-rhum-passion-artisanal\/","url":"https:\/\/aurel-sweet.com\/index.php\/produit\/baba-rhum-passion-artisanal\/","name":"Baba au Rhum Passion Artisanal \u2013 Saveurs Exotiques","isPartOf":{"@id":"https:\/\/aurel-sweet.com\/#website"},"primaryImageOfPage":{"@id":"https:\/\/aurel-sweet.com\/index.php\/produit\/baba-rhum-passion-artisanal\/#primaryimage"},"image":{"@id":"https:\/\/aurel-sweet.com\/index.php\/produit\/baba-rhum-passion-artisanal\/#primaryimage"},"thumbnailUrl":"https:\/\/aurel-sweet.com\/wp-content\/uploads\/2025\/11\/image00192-scaled.jpeg","datePublished":"2025-11-17T07:32:12+00:00","dateModified":"2025-12-03T09:28:00+00:00","description":"Baba au rhum passion artisanal : gel\u00e9e orange, chantilly vanille, fra\u00eecheur garantie. Livraison ou retrait \u00e0 Pau et Bayonne.","breadcrumb":{"@id":"https:\/\/aurel-sweet.com\/index.php\/produit\/baba-rhum-passion-artisanal\/#breadcrumb"},"inLanguage":"fr-FR","potentialAction":[{"@type":"ReadAction","target":["https:\/\/aurel-sweet.com\/index.php\/produit\/baba-rhum-passion-artisanal\/"]}]},{"@type":"ImageObject","inLanguage":"fr-FR","@id":"https:\/\/aurel-sweet.com\/index.php\/produit\/baba-rhum-passion-artisanal\/#primaryimage","url":"https:\/\/aurel-sweet.com\/wp-content\/uploads\/2025\/11\/image00192-scaled.jpeg","contentUrl":"https:\/\/aurel-sweet.com\/wp-content\/uploads\/2025\/11\/image00192-scaled.jpeg","width":1870,"height":2560,"caption":"baba au rhum \u00e0 la passion Pau"},{"@type":"BreadcrumbList","@id":"https:\/\/aurel-sweet.com\/index.php\/produit\/baba-rhum-passion-artisanal\/#breadcrumb","itemListElement":[{"@type":"ListItem","position":1,"name":"Accueil","item":"https:\/\/aurel-sweet.com\/"},{"@type":"ListItem","position":2,"name":"La carte","item":"https:\/\/aurel-sweet.com\/index.php\/la-carte\/"},{"@type":"ListItem","position":3,"name":"Baba Rhum &#8211; Passion"}]},{"@type":"WebSite","@id":"https:\/\/aurel-sweet.com\/#website","url":"https:\/\/aurel-sweet.com\/","name":"Aurel Sweet","description":"Lorsque l&#039;exigence se marie avec la gourmandise \u00e0 la Fran\u00e7aise","publisher":{"@id":"https:\/\/aurel-sweet.com\/#organization"},"potentialAction":[{"@type":"SearchAction","target":{"@type":"EntryPoint","urlTemplate":"https:\/\/aurel-sweet.com\/?s={search_term_string}"},"query-input":{"@type":"PropertyValueSpecification","valueRequired":true,"valueName":"search_term_string"}}],"inLanguage":"fr-FR"},{"@type":"Organization","@id":"https:\/\/aurel-sweet.com\/#organization","name":"Aurel Sweet","url":"https:\/\/aurel-sweet.com\/","logo":{"@type":"ImageObject","inLanguage":"fr-FR","@id":"https:\/\/aurel-sweet.com\/#\/schema\/logo\/image\/","url":"https:\/\/aurel-sweet.com\/wp-content\/uploads\/2025\/09\/favicon-bordeaux.webp","contentUrl":"https:\/\/aurel-sweet.com\/wp-content\/uploads\/2025\/09\/favicon-bordeaux.webp","width":500,"height":500,"caption":"Aurel Sweet"},"image":{"@id":"https:\/\/aurel-sweet.com\/#\/schema\/logo\/image\/"}}]}},"_links":{"self":[{"href":"https:\/\/aurel-sweet.com\/index.php\/wp-json\/wp\/v2\/product\/335","targetHints":{"allow":["GET"]}}],"collection":[{"href":"https:\/\/aurel-sweet.com\/index.php\/wp-json\/wp\/v2\/product"}],"about":[{"href":"https:\/\/aurel-sweet.com\/index.php\/wp-json\/wp\/v2\/types\/product"}],"replies":[{"embeddable":true,"href":"https:\/\/aurel-sweet.com\/index.php\/wp-json\/wp\/v2\/comments?post=335"}],"wp:featuredmedia":[{"embeddable":true,"href":"https:\/\/aurel-sweet.com\/index.php\/wp-json\/wp\/v2\/media\/327"}],"wp:attachment":[{"href":"https:\/\/aurel-sweet.com\/index.php\/wp-json\/wp\/v2\/media?parent=335"}],"wp:term":[{"taxonomy":"product_brand","embeddable":true,"href":"https:\/\/aurel-sweet.com\/index.php\/wp-json\/wp\/v2\/product_brand?post=335"},{"taxonomy":"product_cat","embeddable":true,"href":"https:\/\/aurel-sweet.com\/index.php\/wp-json\/wp\/v2\/product_cat?post=335"},{"taxonomy":"product_tag","embeddable":true,"href":"https:\/\/aurel-sweet.com\/index.php\/wp-json\/wp\/v2\/product_tag?post=335"}],"curies":[{"name":"wp","href":"https:\/\/api.w.org\/{rel}","templated":true}]}}