{"id":753,"date":"2025-11-27T13:06:26","date_gmt":"2025-11-27T13:06:26","guid":{"rendered":"https:\/\/aurel-sweet.com\/?post_type=product&#038;p=753"},"modified":"2026-04-02T15:33:08","modified_gmt":"2026-04-02T15:33:08","slug":"le-russe-pistache-gateau-russe-artisanal-a-la-pistache","status":"publish","type":"product","link":"https:\/\/aurel-sweet.com\/index.php\/produit\/le-russe-pistache-gateau-russe-artisanal-a-la-pistache\/","title":{"rendered":"Le Russe pistache \u2013 G\u00e2teau russe artisanal \u00e0 la pistache"},"content":{"rendered":"<p data-start=\"520\" data-end=\"795\">Un dessert tout en nuances, o\u00f9 le croquant du biscuit s\u2019unit \u00e0 la <strong data-start=\"852\" data-end=\"884\">cr\u00e8me pralin\u00e9e \u00e0 la pistache<\/strong> pour offrir une gourmandise profonde et \u00e9l\u00e9gante. Le Russe Pistache est pens\u00e9 pour les amateurs de saveurs subtiles et persistantes : une texture a\u00e9rienne, un parfum d\u00e9licatement torr\u00e9fi\u00e9, et cette pointe de pralin\u00e9 qui fond en bouche\u2026 Un dessert qui ne se contente pas de r\u00e9galer \u2014 il s\u00e9duit.<\/p>\n","protected":false},"excerpt":{"rendered":"<p>Un Russe d\u00e9licat et fondant, garni d\u2019une <strong data-start=\"626\" data-end=\"658\">cr\u00e8me pralin\u00e9e \u00e0 la pistache<\/strong> riche en saveurs \u2014 un \u00e9quilibre parfait entre douceur et caract\u00e8re.<\/p>\n<h4>Allerg\u00e8nes :<\/h4>\n<p>Gluten, \u0153uf, lactose, fruit \u00e0 coque (option sans gluten)<\/p>\n","protected":false},"featured_media":757,"comment_status":"open","ping_status":"closed","template":"","meta":{"_acf_changed":false,"_et_pb_use_builder":"on","_et_pb_old_content":"<p data-start=\"520\" data-end=\"795\">Un dessert tout en nuances, o\u00f9 le croquant du biscuit s\u2019unit \u00e0 la <strong data-start=\"852\" data-end=\"884\">cr\u00e8me pralin\u00e9e \u00e0 la pistache<\/strong> pour offrir une gourmandise profonde et \u00e9l\u00e9gante. Le Russe Pistache est pens\u00e9 pour les amateurs de saveurs subtiles et persistantes : une texture a\u00e9rienne, un parfum d\u00e9licatement torr\u00e9fi\u00e9, et cette pointe de pralin\u00e9 qui fond en bouche\u2026 Un dessert qui ne se contente pas de r\u00e9galer \u2014 il s\u00e9duit.<\/p>","_et_gb_content_width":""},"product_brand":[],"product_cat":[52,18,54],"product_tag":[22,21,20,19],"class_list":{"0":"post-753","1":"product","2":"type-product","3":"status-publish","4":"has-post-thumbnail","6":"product_cat-a-lannee","7":"product_cat-gateaux-traditionnels","8":"product_cat-gateau-sans-gluten","9":"product_tag-classique-francais","10":"product_tag-gourmand","11":"product_tag-noisette","12":"product_tag-praline","14":"first","15":"instock","16":"shipping-taxable","17":"purchasable","18":"product-type-variable","19":"add-to-wishlist-before_add_to_cart"},"acf":[],"yoast_head":"<!-- This site is optimized with the Yoast SEO plugin v27.4 - https:\/\/yoast.com\/product\/yoast-seo-wordpress\/ -->\n<title>G\u00e2teau Russe pistache Artisanal \u2013 Recette Traditionnelle<\/title>\n<meta name=\"description\" content=\"D\u00e9couvrez notre g\u00e2teau russe \u00e0 la pistache, artisanal : biscuit moelleux, cr\u00e8me pralin\u00e9e maison, fra\u00eecheur garantie, livraison ou retrait.\" \/>\n<meta name=\"robots\" content=\"index, follow, max-snippet:-1, max-image-preview:large, max-video-preview:-1\" \/>\n<link rel=\"canonical\" href=\"https:\/\/aurel-sweet.com\/index.php\/produit\/le-russe-pistache-gateau-russe-artisanal-a-la-pistache\/\" \/>\n<meta property=\"og:locale\" content=\"fr_FR\" \/>\n<meta property=\"og:type\" content=\"article\" \/>\n<meta property=\"og:title\" content=\"G\u00e2teau Russe pistache Artisanal \u2013 Recette Traditionnelle\" \/>\n<meta property=\"og:description\" content=\"D\u00e9couvrez notre g\u00e2teau russe \u00e0 la pistache, artisanal : biscuit moelleux, cr\u00e8me pralin\u00e9e maison, fra\u00eecheur garantie, livraison ou retrait.\" \/>\n<meta property=\"og:url\" content=\"https:\/\/aurel-sweet.com\/index.php\/produit\/le-russe-pistache-gateau-russe-artisanal-a-la-pistache\/\" \/>\n<meta property=\"og:site_name\" content=\"Aurel Sweet - Patisserie sur mesure\" \/>\n<meta property=\"article:modified_time\" content=\"2026-04-02T15:33:08+00:00\" \/>\n<meta property=\"og:image\" content=\"https:\/\/aurel-sweet.com\/wp-content\/uploads\/2025\/11\/image00028-1-scaled.jpeg\" \/>\n\t<meta property=\"og:image:width\" content=\"2560\" \/>\n\t<meta property=\"og:image:height\" content=\"1920\" \/>\n\t<meta property=\"og:image:type\" content=\"image\/jpeg\" \/>\n<meta name=\"twitter:card\" content=\"summary_large_image\" \/>\n<meta name=\"twitter:label1\" content=\"Dur\u00e9e de lecture estim\u00e9e\" \/>\n\t<meta name=\"twitter:data1\" content=\"1 minute\" \/>\n<script type=\"application\/ld+json\" class=\"yoast-schema-graph\">{\"@context\":\"https:\\\/\\\/schema.org\",\"@graph\":[{\"@type\":\"WebPage\",\"@id\":\"https:\\\/\\\/aurel-sweet.com\\\/index.php\\\/produit\\\/le-russe-pistache-gateau-russe-artisanal-a-la-pistache\\\/\",\"url\":\"https:\\\/\\\/aurel-sweet.com\\\/index.php\\\/produit\\\/le-russe-pistache-gateau-russe-artisanal-a-la-pistache\\\/\",\"name\":\"G\u00e2teau Russe pistache Artisanal \u2013 Recette Traditionnelle\",\"isPartOf\":{\"@id\":\"https:\\\/\\\/aurel-sweet.com\\\/#website\"},\"primaryImageOfPage\":{\"@id\":\"https:\\\/\\\/aurel-sweet.com\\\/index.php\\\/produit\\\/le-russe-pistache-gateau-russe-artisanal-a-la-pistache\\\/#primaryimage\"},\"image\":{\"@id\":\"https:\\\/\\\/aurel-sweet.com\\\/index.php\\\/produit\\\/le-russe-pistache-gateau-russe-artisanal-a-la-pistache\\\/#primaryimage\"},\"thumbnailUrl\":\"https:\\\/\\\/aurel-sweet.com\\\/wp-content\\\/uploads\\\/2025\\\/11\\\/image00028-1-scaled.jpeg\",\"datePublished\":\"2025-11-27T13:06:26+00:00\",\"dateModified\":\"2026-04-02T15:33:08+00:00\",\"description\":\"D\u00e9couvrez notre g\u00e2teau russe \u00e0 la pistache, artisanal : biscuit moelleux, cr\u00e8me pralin\u00e9e maison, fra\u00eecheur garantie, livraison ou retrait.\",\"breadcrumb\":{\"@id\":\"https:\\\/\\\/aurel-sweet.com\\\/index.php\\\/produit\\\/le-russe-pistache-gateau-russe-artisanal-a-la-pistache\\\/#breadcrumb\"},\"inLanguage\":\"fr-FR\",\"potentialAction\":[{\"@type\":\"ReadAction\",\"target\":[\"https:\\\/\\\/aurel-sweet.com\\\/index.php\\\/produit\\\/le-russe-pistache-gateau-russe-artisanal-a-la-pistache\\\/\"]}]},{\"@type\":\"ImageObject\",\"inLanguage\":\"fr-FR\",\"@id\":\"https:\\\/\\\/aurel-sweet.com\\\/index.php\\\/produit\\\/le-russe-pistache-gateau-russe-artisanal-a-la-pistache\\\/#primaryimage\",\"url\":\"https:\\\/\\\/aurel-sweet.com\\\/wp-content\\\/uploads\\\/2025\\\/11\\\/image00028-1-scaled.jpeg\",\"contentUrl\":\"https:\\\/\\\/aurel-sweet.com\\\/wp-content\\\/uploads\\\/2025\\\/11\\\/image00028-1-scaled.jpeg\",\"width\":2560,\"height\":1920,\"caption\":\"gateau a la pistache mlivraison a pau\"},{\"@type\":\"BreadcrumbList\",\"@id\":\"https:\\\/\\\/aurel-sweet.com\\\/index.php\\\/produit\\\/le-russe-pistache-gateau-russe-artisanal-a-la-pistache\\\/#breadcrumb\",\"itemListElement\":[{\"@type\":\"ListItem\",\"position\":1,\"name\":\"Accueil\",\"item\":\"https:\\\/\\\/aurel-sweet.com\\\/\"},{\"@type\":\"ListItem\",\"position\":2,\"name\":\"La carte\",\"item\":\"https:\\\/\\\/aurel-sweet.com\\\/index.php\\\/la-carte\\\/\"},{\"@type\":\"ListItem\",\"position\":3,\"name\":\"Le Russe pistache \u2013 G\u00e2teau russe artisanal \u00e0 la pistache\"}]},{\"@type\":\"WebSite\",\"@id\":\"https:\\\/\\\/aurel-sweet.com\\\/#website\",\"url\":\"https:\\\/\\\/aurel-sweet.com\\\/\",\"name\":\"Aurel Sweet\",\"description\":\"Lorsque l&#039;exigence se marie avec la gourmandise \u00e0 la Fran\u00e7aise\",\"publisher\":{\"@id\":\"https:\\\/\\\/aurel-sweet.com\\\/#organization\"},\"potentialAction\":[{\"@type\":\"SearchAction\",\"target\":{\"@type\":\"EntryPoint\",\"urlTemplate\":\"https:\\\/\\\/aurel-sweet.com\\\/?s={search_term_string}\"},\"query-input\":{\"@type\":\"PropertyValueSpecification\",\"valueRequired\":true,\"valueName\":\"search_term_string\"}}],\"inLanguage\":\"fr-FR\"},{\"@type\":\"Organization\",\"@id\":\"https:\\\/\\\/aurel-sweet.com\\\/#organization\",\"name\":\"Aurel Sweet\",\"url\":\"https:\\\/\\\/aurel-sweet.com\\\/\",\"logo\":{\"@type\":\"ImageObject\",\"inLanguage\":\"fr-FR\",\"@id\":\"https:\\\/\\\/aurel-sweet.com\\\/#\\\/schema\\\/logo\\\/image\\\/\",\"url\":\"https:\\\/\\\/aurel-sweet.com\\\/wp-content\\\/uploads\\\/2025\\\/09\\\/favicon-bordeaux.webp\",\"contentUrl\":\"https:\\\/\\\/aurel-sweet.com\\\/wp-content\\\/uploads\\\/2025\\\/09\\\/favicon-bordeaux.webp\",\"width\":500,\"height\":500,\"caption\":\"Aurel Sweet\"},\"image\":{\"@id\":\"https:\\\/\\\/aurel-sweet.com\\\/#\\\/schema\\\/logo\\\/image\\\/\"}}]}<\/script>\n<!-- \/ Yoast SEO plugin. -->","yoast_head_json":{"title":"G\u00e2teau Russe pistache Artisanal \u2013 Recette Traditionnelle","description":"D\u00e9couvrez notre g\u00e2teau russe \u00e0 la pistache, artisanal : biscuit moelleux, cr\u00e8me pralin\u00e9e maison, fra\u00eecheur garantie, livraison ou retrait.","robots":{"index":"index","follow":"follow","max-snippet":"max-snippet:-1","max-image-preview":"max-image-preview:large","max-video-preview":"max-video-preview:-1"},"canonical":"https:\/\/aurel-sweet.com\/index.php\/produit\/le-russe-pistache-gateau-russe-artisanal-a-la-pistache\/","og_locale":"fr_FR","og_type":"article","og_title":"G\u00e2teau Russe pistache Artisanal \u2013 Recette Traditionnelle","og_description":"D\u00e9couvrez notre g\u00e2teau russe \u00e0 la pistache, artisanal : biscuit moelleux, cr\u00e8me pralin\u00e9e maison, fra\u00eecheur garantie, livraison ou retrait.","og_url":"https:\/\/aurel-sweet.com\/index.php\/produit\/le-russe-pistache-gateau-russe-artisanal-a-la-pistache\/","og_site_name":"Aurel Sweet - Patisserie sur mesure","article_modified_time":"2026-04-02T15:33:08+00:00","og_image":[{"width":2560,"height":1920,"url":"https:\/\/aurel-sweet.com\/wp-content\/uploads\/2025\/11\/image00028-1-scaled.jpeg","type":"image\/jpeg"}],"twitter_card":"summary_large_image","twitter_misc":{"Dur\u00e9e de lecture estim\u00e9e":"1 minute"},"schema":{"@context":"https:\/\/schema.org","@graph":[{"@type":"WebPage","@id":"https:\/\/aurel-sweet.com\/index.php\/produit\/le-russe-pistache-gateau-russe-artisanal-a-la-pistache\/","url":"https:\/\/aurel-sweet.com\/index.php\/produit\/le-russe-pistache-gateau-russe-artisanal-a-la-pistache\/","name":"G\u00e2teau Russe pistache Artisanal \u2013 Recette Traditionnelle","isPartOf":{"@id":"https:\/\/aurel-sweet.com\/#website"},"primaryImageOfPage":{"@id":"https:\/\/aurel-sweet.com\/index.php\/produit\/le-russe-pistache-gateau-russe-artisanal-a-la-pistache\/#primaryimage"},"image":{"@id":"https:\/\/aurel-sweet.com\/index.php\/produit\/le-russe-pistache-gateau-russe-artisanal-a-la-pistache\/#primaryimage"},"thumbnailUrl":"https:\/\/aurel-sweet.com\/wp-content\/uploads\/2025\/11\/image00028-1-scaled.jpeg","datePublished":"2025-11-27T13:06:26+00:00","dateModified":"2026-04-02T15:33:08+00:00","description":"D\u00e9couvrez notre g\u00e2teau russe \u00e0 la pistache, artisanal : biscuit moelleux, cr\u00e8me pralin\u00e9e maison, fra\u00eecheur garantie, livraison ou retrait.","breadcrumb":{"@id":"https:\/\/aurel-sweet.com\/index.php\/produit\/le-russe-pistache-gateau-russe-artisanal-a-la-pistache\/#breadcrumb"},"inLanguage":"fr-FR","potentialAction":[{"@type":"ReadAction","target":["https:\/\/aurel-sweet.com\/index.php\/produit\/le-russe-pistache-gateau-russe-artisanal-a-la-pistache\/"]}]},{"@type":"ImageObject","inLanguage":"fr-FR","@id":"https:\/\/aurel-sweet.com\/index.php\/produit\/le-russe-pistache-gateau-russe-artisanal-a-la-pistache\/#primaryimage","url":"https:\/\/aurel-sweet.com\/wp-content\/uploads\/2025\/11\/image00028-1-scaled.jpeg","contentUrl":"https:\/\/aurel-sweet.com\/wp-content\/uploads\/2025\/11\/image00028-1-scaled.jpeg","width":2560,"height":1920,"caption":"gateau a la pistache mlivraison a pau"},{"@type":"BreadcrumbList","@id":"https:\/\/aurel-sweet.com\/index.php\/produit\/le-russe-pistache-gateau-russe-artisanal-a-la-pistache\/#breadcrumb","itemListElement":[{"@type":"ListItem","position":1,"name":"Accueil","item":"https:\/\/aurel-sweet.com\/"},{"@type":"ListItem","position":2,"name":"La carte","item":"https:\/\/aurel-sweet.com\/index.php\/la-carte\/"},{"@type":"ListItem","position":3,"name":"Le Russe pistache \u2013 G\u00e2teau russe artisanal \u00e0 la pistache"}]},{"@type":"WebSite","@id":"https:\/\/aurel-sweet.com\/#website","url":"https:\/\/aurel-sweet.com\/","name":"Aurel Sweet","description":"Lorsque l&#039;exigence se marie avec la gourmandise \u00e0 la Fran\u00e7aise","publisher":{"@id":"https:\/\/aurel-sweet.com\/#organization"},"potentialAction":[{"@type":"SearchAction","target":{"@type":"EntryPoint","urlTemplate":"https:\/\/aurel-sweet.com\/?s={search_term_string}"},"query-input":{"@type":"PropertyValueSpecification","valueRequired":true,"valueName":"search_term_string"}}],"inLanguage":"fr-FR"},{"@type":"Organization","@id":"https:\/\/aurel-sweet.com\/#organization","name":"Aurel Sweet","url":"https:\/\/aurel-sweet.com\/","logo":{"@type":"ImageObject","inLanguage":"fr-FR","@id":"https:\/\/aurel-sweet.com\/#\/schema\/logo\/image\/","url":"https:\/\/aurel-sweet.com\/wp-content\/uploads\/2025\/09\/favicon-bordeaux.webp","contentUrl":"https:\/\/aurel-sweet.com\/wp-content\/uploads\/2025\/09\/favicon-bordeaux.webp","width":500,"height":500,"caption":"Aurel Sweet"},"image":{"@id":"https:\/\/aurel-sweet.com\/#\/schema\/logo\/image\/"}}]}},"_links":{"self":[{"href":"https:\/\/aurel-sweet.com\/index.php\/wp-json\/wp\/v2\/product\/753","targetHints":{"allow":["GET"]}}],"collection":[{"href":"https:\/\/aurel-sweet.com\/index.php\/wp-json\/wp\/v2\/product"}],"about":[{"href":"https:\/\/aurel-sweet.com\/index.php\/wp-json\/wp\/v2\/types\/product"}],"replies":[{"embeddable":true,"href":"https:\/\/aurel-sweet.com\/index.php\/wp-json\/wp\/v2\/comments?post=753"}],"wp:featuredmedia":[{"embeddable":true,"href":"https:\/\/aurel-sweet.com\/index.php\/wp-json\/wp\/v2\/media\/757"}],"wp:attachment":[{"href":"https:\/\/aurel-sweet.com\/index.php\/wp-json\/wp\/v2\/media?parent=753"}],"wp:term":[{"taxonomy":"product_brand","embeddable":true,"href":"https:\/\/aurel-sweet.com\/index.php\/wp-json\/wp\/v2\/product_brand?post=753"},{"taxonomy":"product_cat","embeddable":true,"href":"https:\/\/aurel-sweet.com\/index.php\/wp-json\/wp\/v2\/product_cat?post=753"},{"taxonomy":"product_tag","embeddable":true,"href":"https:\/\/aurel-sweet.com\/index.php\/wp-json\/wp\/v2\/product_tag?post=753"}],"curies":[{"name":"wp","href":"https:\/\/api.w.org\/{rel}","templated":true}]}}